) + 2.
19
Evaluate (1 - (2 + -10) - 4) + -37 + 24.
-8
-1 + 12 + -11 + 3 + (-22 - -1)
-18
What is the value of 12 - (-17 + 1 - -29)?
-1
(35 - (23 - -31)) + 11
-8
Calculate (1 + 12 + (-99 - -93) - 3) + -27.
-23
Evaluate (-24 + 42 - 10) + -24 + 1.
-15
What is the value of -7 + -8 + (-56 - -50 - (0 + -33))?
12
-19 + (-10 - (10 + (-25 - -11)))
-25
Evaluate -2 + -9 + 12 - (-4 - -30).
-25
Calculate 18 - -1 - 0 - (-150 - -26 - -114).
29
Calculate (16 - (1 - -8) - 44) + 10 + -4.
-31
Calculate 13 - (-12 + 0 + 9 - -26).
-10
4 - ((2 - -13) + -21)
10
Calculate -33 - (-80 + 95 - (3 - -18)).
-27
Calculate -8 + -8 + 20 + -7 + -2 - 1.
-6
What is -1 + (-26 - -17) - (2 + 1)?
-13
What is the value of (-23 + 0 - 2) + -111 + 104 + 8?
-24
What is the value of (5 - (-10 - -7) - (13 - 13)) + -3?
5
What is the value of 9 + (5 - (-5 + 9)) + 0?
10
Evaluate 47 + -39 - (-10 + (-4 - -2) - -2).
18
What is -4 - ((4 - -3) + -4 + (-8 - -8))?
-7
What is the value of (2 - 4 - (47 + -63)) + -4?
10
Calculate -64 - (-26 + -50 + 40).
-28
What is the value of -11 + 12 + (-1 - -6) - (36 + -45)?
15
Evaluate 8 + -2 + (29 - 0) + -14.
21
Calculate 5 + (-4 - -1 - (7 - 10)).
5
What is the value of 12 + -12 + 2 + 8?
10
What is 7 + 0 + (39 - 57 - -27)?
16
Evaluate 10 + (-32 - -8) + 12 - -11.
9
What is (-10 + 26 - 7) + (3 - 5)?
7
Evaluate 30 + 1 + 26 + -67.
-10
Evaluate -38 + 37 + (-5 - 9).
-15
What is the value of (90 + -62 - (2 - -7)) + -5?
14
What is the value of 6 + 0 + (9 - 16) - 10?
-11
Evaluate (-26 - -1) + 409 + -400.
-16
What is the value of 12 - (10 - 2 - (7 + 3 - 3))?
11
What is the value of -19 + 26 + (0 - -1) + -20?
-12
What is the value of -31 - -34 - (21 + -5) - 6?
-19
Evaluate -40 + -14 + 27 + 16.
-11
14 + -24 + 24 - 32
-18
Calculate -7 + (45 - 57 - (-19 + 2)).
-2
What is (-6 + 13 - -19) + (-2 - 1 - 0)?
23
What is 7 - ((-4 - -17) + 3)?
-9
Calculate -226 - -231 - (0 - 0).
5
What is -5 + -1 - (-6 + -3)?
3
What is the value of -2 + (7 - 4) + -10 + 3 + 9?
3
Evaluate 7 - ((0 - -11) + (70 - 70) - 32).
28
5 + -12 - 0 - (-2 + (-10 - 2))
7
What is (-148 - -126) + 15 + (1 - 2)?
-8
Evaluate 0 + -1 - (-20 + 18 + -8 + 11).
-2
Evaluate 0 + -8 + -19 + 32 + 22 - 5.
22
What is the value of -6 - (-76 + 95 + (1 - 11))?
-15
(-11 + 7 + -3 + 2 - 8) + 4
-9
What is the value of 19 + (-6 - -9 - 10) + -2?
10
What is the value of 0 + 2 - (-20 + (-14 - (3 + -31)))?
8
What is the value of 11 - -1 - (-22 + 25 - 0)?
9
What is 0 + 24 - (-72 - -95)?
1
Evaluate -3 + 1 + -15 + 17 + 5.
5
Evaluate -8 - (-10 - -6 - (3 + -11) - 8).
-4
Evaluate -20 - (-8 - (-7 - (12 - 10))).
-21
What is the value of (27 - 15) + -6 - (-6 + -1)?
13
Evaluate -9 + (3 - (-6 - -1)) + (2 - 12).
-11
What is -4 + -4 - -5 - ((0 - 3) + -1)?
1
Evaluate (-15 - -24 - (1 + 12)) + 1 + -6.
-9
(9 - 1) + 3 + -23 + (0 - 0)
-12
What is 0 + 1 - (-8 + 0 + -9 + 0)?
18
-2 + 0 + (-19 - -26) - (16 + -1)
-10
What is the value of 6 - -8 - 15 - (-3 + -13 - -1)?
14
Evaluate -23 + 29 - (1 + 0 + -7).
12
-8 - (-2 - (-7 + -4) - 8)
-9
What is (0 - (0 - -18)) + -97 + 107?
-8
What is -15 + 15 + (-12 + 9 - 19)?
-22
(40 - 4) + (-68 - -59)
27
Calculate 6 - -2 - (12 - ((-9 - -2) + 30)).
19
What is -5 - (-4 - (1 + 28))?
28
What is 12 + 4 + -1 + 3 + -9 + -1?
8
33 - 12 - 9 - (0 + 15)
-3
What is 8 - ((-3 - 3) + 9 - 9)?
14
Evaluate -57 + 47 + (13 - -4).
7
30 - 8 - 53 - -30
-1
What is the value of 6 - (-7 + 6) - 10 - -7?
4
What is 35 + -5 + -7 + -3 + 5?
25
What is the value of (-13 - 15 - -12) + 9?
-7
Evaluate -16 - -2 - -14 - (-20 - -9).
11
What is the value of 2 + 13 + 4 + 4 + -12?
11
What is the value of 8 - 2 - (2 - (11 + -3))?
12
What is the value of 17 - (9 + -24 - -16)?
16
What is (-2 - (-3 + 3 - 3)) + (-3 - -2)?
0
Calculate -8 + (20 - ((10 - (11 + 0)) + 8)).
5
Calculate 14 - ((-1 - -17) + 21).
-23
What is 39 + -34 + 5 + (-10 - 0)?
0
16 - (-1 + -5 - (0 + -8))
14
Evaluate 2 + (-8 - -2) + (11 - -23 - 5).
25
What is the value of (1 - (-12 + 15)) + 6 + 31?
35
What is -10 - (6 + 1 + (-18 - (21 - 2)))?
20
3 + 10 - 21 - 0
-8
6 + 2 + (27 - 63) + (-4 - -4)
-28
Calculate 3 - -1 - ((4 - 2) + 4) - -3.
1
Calculate 0 - 6 - -2 - (-16 - -10 - -1).
1
Calculate (6 + (9 - 8) - 4) + -16.
-13
-9 - (-6 + -4 + -4) - -14
19
-2 - (-9 + 23 + -12) - (-2 + -10)
8
1 + 0 + (20 - (8 + 14))
-1
Calculate -6 + 7 - (-33 - -18 - (0 - 3)).
13
What is the value of 3 - (16 + -7 + -8)?
2
-706 + 681 - (0 + -23)
-2
Evaluate (-11 + (-1 - -6) - 5) + 10 + -23.
-24
What is 0 + 6 + -25 + (-4 + 5 - 0)?
-18
(4 - (11 + -11 + 2)) + (2 - -5)
9
Evaluate 9 + -24 + 11 + -6.
-10
8 + (2 - 5 - 26) + 7
-14
-27 + (3 + 1 - (5 + 3 + -6))
-25
-14 + -7 + 13 + -3 + -10
-21
What is the value of 4 + 7 - (11 - 2)?
2
Evaluate 17 - (0 - (-6 + 0)).
11
12 - (-6 + (-4 - -5) - (7 - 11))
13
Evaluate (1 + -4 - -3 - (-5 - -20)) + 3.
-12
What is -9 + -3 + 9 + (-14 - -11)?
-6
What is the value of 17 + -14 + 15 + 0?
18
What is the value of 31 + (-7 - 22) - 7?
-5
What is 22 + -13 + -6 + 27?
30
What is the value of 2 - -9 - (138 + -128)?
1
What is the value of 1 + -2 - ((19 - 22) + (3 - 3))?
2
Evaluate 29 + (-7 + 7 - 9) - 9.
11
What is 4 - 0 - (13 + (-30 - -27))?
-6
What is the value of -9 - (-4 + (-8 - -8) + -3)?
-2
What is the value of (-7 - -9 - -2) + (8 - 19)?
-7
What is 24 - (11 - (6 + 0)) - -3?
22
-13 + (-2 - -25) + -37 + 15
-12
Evaluate -16 - (11 + (-8 - 8)).
-11
Calculate 23 + (-29 - (35 + -59)).
18
Calculate -13 + 11 - 4 - (2 + (2 - 0)).
-10
What is 2 - 7 - (10 + -10 - -8 - 39)?
26
Calculate -10 + -7 + 14 - -31 - (15 + -10).
23
Calculate 8 - (-1 - 0 - (10 + -14 + 5)).
10
What is the value of -15 + (-25 + -7 - -10 - -8)?
-29
What is (0 - 12 - ((4 - -24) + -24)) + 6?
-10
What is the value of -1 + (-4 - 9) - -11?
-3
Calculate (52 - -1) + 1883 + -1895.
41
What is the value of (200 - 206) + (-2 + -1 - (-14 - -6))?
-1
Evaluate -2 + -9 + 6 + -11 + 1 + 3.
-12
Calculate (-10 - -6 - (-2 - -2)) + 5 + -6.
-5
Evaluate 9 - 7 - (6 - (7 - -4)).
7
What is the value of -18 + (0 - (-24 + 7 + -18))?
17
What is -1 + (-8 + 0 - (-8 + 8 + -3))?
-6
What is the value of (23 - 13 - 19) + 21?
12
What is the value of (-2 - (-14 - -10)) + 6 + 0?
8
What is -7 - (5 + -8 + 8 + -8)?
-4
4 - 20 - (-46 - -38) - (1 + 1)
-10
What is the value of -2 + 0 - (8 + (2 - 20))?
8
What is the value of 5 + -14 + 19 - 17 - -9?
2
8 - (-11 + -7 + 13)
13
What is (29 - 0) + (-229 - -253) + -2 + -26?
25
Evaluate 1 + -3 + (-27 - -46) + -10.
7
What is the value of (-29 + 53 - -8) + -7?
25
-8 + -3 + (-4 - -6) + (-6 - -4)
-11
Calculate -2 + 10 - (2 + (-9 - -14)).
1
(4 - (1 - (4 + 0))) + (-1 - 3)
3
Evaluate 28 + (-55 - -42) + 1 + -8.
8
What is the value of (-13 - 3) + (-1 - 3) + 37 + -25?
-8
What is 1 - 9 - (-66 + 71) - 4?
-17
What is (12 - (8 - 1) - 7 - -2) + -11?
-11
(-14 - -7) + -4 + 1
-10
What is the value of -14 + 0 - (-67 + 79 + -1)?
-25
What is the value of 31 - ((7 - -27) + (2 - 19))?
14
Calculate 15 + (3 + 12 - 27).
3
Evaluate 20 + (14 - -4 - 5).
33
Evaluate 8 - 18 - 17 - -44.
17
Evaluate 1 + 0 + -188 + 203.
16
What is the value of 0 + (-1 - -3) - (-8 + 9 + 6)?
-5
Calculate -18 - (-53 - (8 - (12 - -2))).
29
What is 6 + -14 + 3 + -1 + -6?
-12
Calculate -10 + 8 + (-1 - -4) - 9 - -17.
9
Evaluate 14 + (0 + -8 - 13).
-7
What is the value of (-1 - 0 - -6) + 6 + 33 + -31?
13
Evaluate 6 + (-4 - 11) + 10 + 7.
8
What is the value of 14 + -6 + -10 + 6?
4
What is the value of 0 + (5 - 1) - (-14 + 24 - 12)?
6
Evaluate (-12 - -8) + -3 + (6 - 9).
-10
(-402 - -407) + 3 + -1 + 0
7
What is (-2 - -2) + 0 + (263 - 271)?
-8
Calculate -9 + 18 + -10 + 0 + -3 + 5.
1
Evaluate (-7 - (-12 - -18)) + 7.
-6
What is -13 + (29 - 19 - 13)?
-16
42 - (-48 - -93 - -33)
-36
What is the value of (20 - 0) + -12 + 0 + -5?
3
What is the value of -8 - -12 - (-48 + 38)?
14
8 + 9 + -9 + -25
-17
What is -29 - 4 - (22 + (-6 - 27))?
-22
Calculate (0 - -2) + 2 - (-25 + (44 - 25)).
10
What is 0 + (6 - (-3 + 5))?
4
Calculate 1 - -2 - (-7 + -4) - (-5 + 4).
15
What is -1 + 15 + -4 + 14 + -42?
-18
Calculate 8 + -4 + 5 + -6 + -5 - 6.
-8
Evaluate -226 - -229 - (2 + -4 + 4).
1
What is the value of 22 - (29 + -5 + -6)?
4
(-39 - -20) + 35 + 1
17
(-10 - (-41 + 12)) + 3
22
-3 + (-8 - (1 + -4)) + 5
-3
What is -9 - -5 - (3 + -3 + 1 + 3)?
-8
What is the value of -7 - ((8 - 3) + (-10 - -5)) - -30?
23
What is -3 - -13 - -1 - (37 + -6)?
-20
Evaluate (1 + -